2 is divided by 28.
12
What is the remainder when 15677 is divided by 112?
109
Calculate the remainder when 5104 is divided by 10.
4
Calculate the remainder when 48 is divided by 44.
4
Calculate the remainder when 864 is divided by 139.
30
What is the remainder when 115 is divided by 20?
15
What is the remainder when 2159 is divided by 16?
15
What is the remainder when 359 is divided by 25?
9
What is the remainder when 4431 is divided by 1471?
18
Calculate the remainder when 3715 is divided by 150.
115
Calculate the remainder when 22 is divided by 8.
6
Calculate the remainder when 406 is divided by 196.
14
What is the remainder when 1302 is divided by 8?
6
Calculate the remainder when 246 is divided by 12.
6
What is the remainder when 534 is divided by 69?
51
What is the remainder when 2822 is divided by 42?
8
Calculate the remainder when 157 is divided by 42.
31
What is the remainder when 110 is divided by 16?
14
What is the remainder when 4243 is divided by 137?
133
Calculate the remainder when 551 is divided by 4.
3
What is the remainder when 1629 is divided by 53?
39
What is the remainder when 563 is divided by 115?
103
Calculate the remainder when 588 is divided by 223.
142
Calculate the remainder when 608 is divided by 388.
220
What is the remainder when 788 is divided by 79?
77
Calculate the remainder when 565 is divided by 149.
118
What is the remainder when 175 is divided by 89?
86
What is the remainder when 523 is divided by 118?
51
What is the remainder when 378 is divided by 78?
66
Calculate the remainder when 266 is divided by 193.
73
Calculate the remainder when 325 is divided by 241.
84
What is the remainder when 804 is divided by 267?
3
What is the remainder when 808 is divided by 202?
0
Calculate the remainder when 216 is divided by 16.
8
What is the remainder when 24 is divided by 7?
3
Calculate the remainder when 130 is divided by 17.
11
Calculate the remainder when 39 is divided by 14.
11
What is the remainder when 250 is divided by 3?
1
What is the remainder when 8657 is divided by 20?
17
Calculate the remainder when 23 is divided by 13.
10
Calculate the remainder when 367 is divided by 188.
179
What is the remainder when 1371 is divided by 236?
191
What is the remainder when 48 is divided by 17?
14
Calculate the remainder when 133 is divided by 28.
21
Calculate the remainder when 474 is divided by 7.
5
Calculate the remainder when 1013 is divided by 51.
44
Calculate the remainder when 21110 is divided by 93.
92
Calculate the remainder when 263 is divided by 69.
56
Calculate the remainder when 6347 is divided by 127.
124
What is the remainder when 212 is divided by 43?
40
Calculate the remainder when 799 is divided by 116.
103
Calculate the remainder when 653 is divided by 5.
3
What is the remainder when 751 is divided by 205?
136
What is the remainder when 84 is divided by 19?
8
What is the remainder when 86 is divided by 31?
24
What is the remainder when 83 is divided by 31?
21
What is the remainder when 139 is divided by 10?
9
What is the remainder when 196 is divided by 23?
12
What is the remainder when 562 is divided by 47?
45
Calculate the remainder when 99 is divided by 51.
48
Calculate the remainder when 547 is divided by 534.
13
Calculate the remainder when 217 is divided by 74.
69
What is the remainder when 1270 is divided by 51?
46
Calculate the remainder when 81 is divided by 28.
25
What is the remainder when 166 is divided by 61?
44
Calculate the remainder when 456 is divided by 27.
24
What is the remainder when 160 is divided by 27?
25
Calculate the remainder when 1978 is divided by 44.
42
Calculate the remainder when 14 is divided by 9.
5
What is the remainder when 319 is divided by 76?
15
Calculate the remainder when 29 is divided by 7.
1
Calculate the remainder when 705 is divided by 16.
1
What is the remainder when 93 is divided by 9?
3
Calculate the remainder when 130 is divided by 28.
18
Calculate the remainder when 3430 is divided by 1140.
10
What is the remainder when 1650 is divided by 14?
12
What is the remainder when 759 is divided by 45?
39
What is the remainder when 8676 is divided by 49?
3
Calculate the remainder when 24 is divided by 9.
6
What is the remainder when 1961 is divided by 13?
11
What is the remainder when 2 is divided by 2?
0
What is the remainder when 363 is divided by 87?
15
Calculate the remainder when 31 is divided by 30.
1
What is the remainder when 152 is divided by 22?
20
Calculate the remainder when 6434 is divided by 124.
110
What is the remainder when 2881 is divided by 103?
100
Calculate the remainder when 440 is divided by 145.
5
Calculate the remainder when 68 is divided by 14.
12
What is the remainder when 728 is divided by 6?
2
Calculate the remainder when 2198 is divided by 20.
18
What is the remainder when 797 is divided by 80?
77
Calculate the remainder when 1785 is divided by 47.
46
Calculate the remainder when 130 is divided by 29.
14
What is the remainder when 274 is divided by 70?
64
Calculate the remainder when 734 is divided by 82.
78
Calculate the remainder when 95 is divided by 10.
5
What is the remainder when 63 is divided by 17?
12
What is the remainder when 751 is divided by 31?
7
What is the remainder when 105 is divided by 18?
15
What is the remainder when 167 is divided by 152?
15
What is the remainder when 280 is divided by 71?
67
Calculate the remainder when 21 is divided by 2.
1
Calculate the remainder when 2530 is divided by 13.
8
Calculate the remainder when 606 is divided by 13.
8
What is the remainder when 12 is divided by 2?
0
What is the remainder when 3971 is divided by 15?
11
Calculate the remainder when 514 is divided by 14.
10
Calculate the remainder when 941 is divided by 8.
5
What is the remainder when 59 is divided by 20?
19
What is the remainder when 90 is divided by 4?
2
Calculate the remainder when 46 is divided by 6.
4
Calculate the remainder when 806 is divided by 788.
18
What is the remainder when 468 is divided by 175?
118
What is the remainder when 4999 is divided by 36?
31
What is the remainder when 5967 is divided by 47?
45
Calculate the remainder when 206 is divided by 36.
26
Calculate the remainder when 1426 is divided by 130.
126
Calculate the remainder when 56 is divided by 29.
27
What is the remainder when 668 is divided by 48?
44
What is the remainder when 133 is divided by 65?
3
What is the remainder when 582 is divided by 15?
12
Calculate the remainder when 96 is divided by 8.
0
What is the remainder when 1210 is divided by 13?
1
What is the remainder when 3293 is divided by 36?
17
What is the remainder when 313 is divided by 301?
12
Calculate the remainder when 52 is divided by 45.
7
Calculate the remainder when 211 is divided by 79.
53
Calculate the remainder when 226 is divided by 77.
72
What is the remainder when 58 is divided by 51?
7
What is the remainder when 100 is divided by 26?
22
What is the remainder when 983 is divided by 425?
133
What is the remainder when 790 is divided by 781?
9
What is the remainder when 119 is divided by 42?
35
Calculate the remainder when 301 is divided by 129.
43
What is the remainder when 298 is divided by 8?
2
Calculate the remainder when 953 is divided by 10.
3
Calculate the remainder when 3912 is divided by 489.
0
What is the remainder when 282 is divided by 81?
39
What is the remainder when 46 is divided by 30?
16
Calculate the remainder when 89 is divided by 45.
44
What is the remainder when 351 is divided by 120?
111
What is the remainder when 123 is divided by 71?
52
Calculate the remainder when 979 is divided by 70.
69
Calculate the remainder when 220 is divided by 54.
4
Calculate the remainder when 29101 is divided by 272.
269
Calculate the remainder when 460 is divided by 457.
3
Calculate the remainder when 26 is divided by 20.
6
Calculate the remainder when 72 is divided by 6.
0
Calculate the remainder when 839 is divided by 70.
69
Calculate the remainder when 998 is divided by 29.
12
Calculate the remainder when 3849 is divided by 272.
41
Calculate the remainder when 270 is divided by 39.
36
What is the remainder when 309 is divided by 16?
5
Calculate the remainder when 1803 is divided by 11.
10
Calculate the remainder when 1262 is divided by 398.
68
What is the r